e
Is 170397 a multiple of 22?
False
Is 894 a factor of 14797610?
False
Is 56 a factor of 2226867?
False
Is 16991 a multiple of 128?
False
Is 3606301 a multiple of 284?
False
Is 3 a factor of 70103?
False
Does 2 divide 21882?
True
Is 118073 a multiple of 2?
False
Does 300 divide 18456536?
False
Is 11 a factor of 15503?
False
Does 8 divide 32905?
False
Is 3418337 a multiple of 143?
False
Does 19 divide 102366?
False
Is 13679572 a multiple of 15?
False
Does 69 divide 2842420?
False
Does 233 divide 36348?
True
Is 2745600 a multiple of 600?
True
Is 20 a factor of 333540?
True
Does 9 divide 190787?
False
Is 1312221 a multiple of 87?
True
Is 7 a factor of 1300270?
False
Is 7105080 a multiple of 372?
False
Does 12 divide 265284?
True
Is 3 a factor of 37575?
True
Is 3 a factor of 187330?
False
Is 805762 a multiple of 99?
False
Does 155 divide 13326?
False
Is 53 a factor of 142545?
False
Does 974 divide 3885894?
False
Does 18 divide 26674?
False
Is 1709372 a multiple of 22?
False
Does 17 divide 2106643?
False
Is 13 a factor of 170693?
False
Does 422 divide 13025197?
False
Is 52 a factor of 646568?
True
Is 14895852 a multiple of 12?
True
Does 16 divide 9676592?
True
Does 16 divide 6311851?
False
Is 182064 a multiple of 274?
False
Is 114126 a multiple of 138?
True
Does 37 divide 382210?
True
Does 323 divide 799102?
True
Is 32 a factor of 1614144?
True
Is 542 a factor of 4505526?
False
Is 44 a factor of 431200?
True
Is 1889912 a multiple of 97?
False
Does 406 divide 729176?
True
Does 112 divide 65744?
True
Does 923 divide 2777307?
True
Is 876960 a multiple of 672?
True
Does 235 divide 2864382?
False
Does 127 divide 182587?
False
Is 10005 a multiple of 69?
True
Is 13 a factor of 49283?
True
Does 202 divide 101404?
True
Is 18 a factor of 440982?
True
Does 53 divide 372113?
True
Is 129302 a multiple of 56?
False
Is 754113 a multiple of 76?
False
Does 30 divide 24096985?
False
Does 241 divide 240608?
False
Does 23 divide 244122?
True
Is 21 a factor of 590730?
True
Is 1629 a factor of 5842758?
False
Is 126645 a multiple of 3?
True
Is 117 a factor of 351468?
True
Is 23 a factor of 741812?
False
Does 75 divide 81304?
False
Does 21 divide 9529485?
True
Is 70146 a multiple of 162?
True
Does 314 divide 880907?
False
Is 607895 a multiple of 98?
False
Is 48 a factor of 2060400?
True
Is 3275080 a multiple of 10?
True
Is 50 a factor of 22600?
True
Is 171 a factor of 4917960?
True
Is 26624 a multiple of 32?
True
Is 15 a factor of 48611?
False
Is 1223964 a multiple of 378?
True
Does 56 divide 1373605?
False
Does 12 divide 528360?
True
Is 8 a factor of 265527?
False
Is 15369 a multiple of 141?
True
Is 11630416 a multiple of 696?
False
Does 319 divide 350581?
True
Does 9 divide 689094?
True
Is 329 a factor of 767189?
False
Is 5314 even?
True
Is 986981 a multiple of 507?
False
Does 391 divide 776991?
False
Does 14 divide 25121?
False
Is 45011 a multiple of 19?
True
Is 145 a factor of 23637?
False
Is 292 a factor of 201772?
True
Does 28 divide 154084?
True
Does 23 divide 139311?
True
Does 7 divide 399079?
False
Is 54 a factor of 275886?
True
Is 12 a factor of 1335648?
True
Does 346 divide 2910206?
True
Does 352 divide 4913?
False
Is 20 a factor of 1060?
True
Is 226 a factor of 1632766?
False
Is 217 a factor of 94178?
True
Does 8 divide 1422797?
False
Does 274 divide 779234?
False
Is 171 a factor of 125753?
False
Is 99 a factor of 130158?
False
Is 83 a factor of 149827?
False
Does 58 divide 95379?
False
Is 106323 a multiple of 183?
True
Is 159260 a multiple of 278?
False
Is 38 a factor of 9187640?
True
Does 27 divide 1154583?
False
Is 1325919 a multiple of 14?
False
Does 173 divide 35913?
False
Is 124349 a multiple of 36?
False
Is 5 a factor of 15150?
True
Is 425776 a multiple of 8?
True
Is 5063234 a multiple of 22?
True
Does 286 divide 315458?
True
Is 13 a factor of 306460?
False
Is 50 a factor of 2791850?
True
Does 2 divide 14061?
False
Does 24 divide 92153?
False
Is 21521077 a multiple of 270?
False
Does 154 divide 405198?
False
Is 65 a factor of 366655?
False
Does 47 divide 141?
True
Does 235 divide 1599761?
False
Is 3792932 a multiple of 286?
True
Does 96 divide 416256?
True
Does 239 divide 272454?
False
Is 15506 a multiple of 4?
False
Is 14 a factor of 867644?
False
Does 76 divide 3550252?
False
Does 114 divide 108300?
True
Is 113307 a multiple of 232?
False
Is 17 a factor of 412838?
False
Does 152 divide 8144312?
True
Is 79180 a multiple of 37?
True
Is 418 a factor of 1834411?
False
Is 577 a factor of 605273?
True
Does 484 divide 55660?
True
Is 11 a factor of 213679?
False
Is 9 a factor of 69414?
False
Is 156969 a multiple of 39?
False
Is 13 a factor of 1508554?
False
Is 578379 a multiple of 219?
True
Is 45 a factor of 15579810?
True
Is 41019 a multiple of 58?
False
Is 4578651 a multiple of 63?
True
Is 1913 a factor of 283124?
True
Is 10337981 a multiple of 57?
False
Is 297760 a multiple of 40?
True
Is 111 a factor of 877969?
False
Is 469420 a multiple of 98?
True
Does 40 divide 112800?
True
Is 17 a factor of 2989710?
False
Is 60070 a multiple of 78?
False
Is 42849 a multiple of 69?
True
Does 4 divide 27735?
False
Does 519 divide 2105756?
False
Does 12 divide 60684?
True
Is 86513 a multiple of 119?
True
Does 15 divide 2424070?
False
Is 784 a factor of 142072?
False
Is 155 a factor of 74865?
True
Does 1584 divide 1309968?
True
Is 1039830 a multiple of 345?
True
Is 161 a factor of 1441787?
False
Is 3106842 a multiple of 19?
True
Is 5 a factor of 77730?
True
Is 51544 a multiple of 15?
False
Is 3605919 a multiple of 1347?
True
Is 444 a factor of 5331996?
True
Does 1108 divide 1614071?
False
Does 6 divide 61560?
True
Does 38 divide 988497?
False
Does 182 divide 417508?
True
Is 8123109 a multiple of 13?
False
Is 3123463 a multiple of 137?
True
Is 12 a factor of 104121?
False
Is 4 a factor of 5811015?
False
Is 15 a factor of 9721905?
True
Is 16815718 a multiple of 17?
False
Is 473 a factor of 538513?
False
Is 4 a factor of 106177?
False
Is 55929 a multiple of 106?
False
Does 54 divide 50598?
True
Is 360805 a multiple of 5?
True
Does 14 divide 10864?
True
Does 64 divide 206848?
True
Does 42 divide 58203?
False
Is 484987 a multiple of 196?
False
Does 107 divide 1153290?
False
Is 40 a factor of 145000?
True
Does 21 divide 566727?
True
Is 3888167 a multiple of 541?
True
Is 83 a factor of 2536231?
True
Is 9 a factor of 957762?
True
Is 26912 a multiple of 29?
True
Is 429497 a multiple of 3?
False
Does 331 divide 2478159?
False
Is 17288911 a multiple of 5?
False
Is 3882900 a multiple of 525?
True
Is 11860291 a multiple of 17?
False
Does 26 divide 246335?
False
Does 57 divide 5016?
True
Is 1921982 a multiple of 634?
False
Is 13 a factor of 1612869?
False
Is 171 a factor of 363888?
True
Is 7611566 a multiple of 187?
False
Is 77 a factor of 81851?
True
Is 16 a factor of 13235300?
False
Does 30 divide 2285550?
True
Is 2 a factor of 77993?
False
Does 211 divide 453228?
True
Is 54005 a multiple of 27?
False
Does 229 divide 14531126?
False
Does 12 divide 197424?
True
Is 60037 a multiple of 17?
False
Is 294746 a multiple of 34?
True
Is 268 a factor of 35912?
True
Does 142 divide 385530?
True
Is 237763 a multiple of 35?
False
Is 7 a factor of 1332166?
False
Is 227359 a multiple of 121?
True
Does 48 divide 781905?
False
Is 2200176 a multiple of 264?
True
Is 234 a factor of 593115?
False
Does 186 divide 198648?
True
Does 803 divide 2627206?
False
Does 318 divide 1595724?
True
Is 66895 a multiple of 17?
True
Is 1597144 a multiple of 4?
True
Does 110 divide 3550462?
False
Is 956091 a multiple of 2271?
True
Is 10 a factor of 2617553?
False
Is 6444 a multiple of 10?
False
Is 211992 a multiple of 88?
True
Does 734 divide 1317530?
True
Is 105 a factor of 117675?
False
Does 35 divide 377335?
True
Is 14 a factor of 38780?
True
Does 29 divide 2617588?
False
Is 122 a factor of 3690460?
False
Does 256 divide 100980?
False
Is 97582 a multiple of 58?
False
Is 29 a factor of 969383?
True
Is 22305 a multiple of 15?
True
Does 37 divide 72427?
False
Does 745 divide 1212115?
True
Is 51 a factor of 11548848?
True
Does 151 divide 59645?
True
Is 21 a factor of 548982?
True
Is 33 a factor of 358864?
False
Is 25112 a multiple of 4?
True
Is 84280 a multiple of 1037?
False
Is 11 a factor of 318981?
False
Does 75 d